tens digit of 53648?
4
What is the hundreds digit of 8547?
5
What is the ten thousands digit of 10521?
1
What is the tens digit of 3654?
5
What is the thousands digit of 6576?
6
What is the units digit of 684?
4
What is the units digit of 945?
5
What is the hundreds digit of 150?
1
What is the thousands digit of 10666?
0
What is the units digit of 948?
8
What is the thousands digit of 2297?
2
What is the tens digit of 42110?
1
What is the units digit of 1903?
3
What is the units digit of 58209?
9
What is the hundreds digit of 3091?
0
What is the tens digit of 26752?
5
What is the thousands digit of 34874?
4
What is the hundreds digit of 5741?
7
What is the tens digit of 70758?
5
What is the thousands digit of 3231?
3
What is the hundreds digit of 10671?
6
What is the hundreds digit of 5610?
6
What is the thousands digit of 37228?
7
What is the units digit of 56610?
0
What is the units digit of 26023?
3
What is the tens digit of 2448?
4
What is the tens digit of 1476?
7
What is the units digit of 1473?
3
What is the hundreds digit of 100538?
5
What is the thousands digit of 33565?
3
What is the thousands digit of 2367?
2
What is the thousands digit of 10442?
0
What is the hundreds digit of 56670?
6
What is the ten thousands digit of 34645?
3
What is the thousands digit of 2395?
2
What is the tens digit of 43?
4
What is the units digit of 2328?
8
What is the thousands digit of 4182?
4
What is the tens digit of 697?
9
What is the hundreds digit of 2436?
4
What is the units digit of 6927?
7
What is the tens digit of 19380?
8
What is the hundreds digit of 132663?
6
What is the hundreds digit of 6386?
3
What is the units digit of 9534?
4
What is the units digit of 432?
2
What is the tens digit of 144?
4
What is the tens digit of 41515?
1
What is the hundreds digit of 2582?
5
What is the tens digit of 32820?
2
What is the hundreds digit of 1434?
4
What is the units digit of 143?
3
What is the hundreds digit of 240?
2
What is the hundreds digit of 37871?
8
What is the tens digit of 3566?
6
What is the units digit of 5525?
5
What is the tens digit of 117?
1
What is the thousands digit of 17668?
7
What is the units digit of 7116?
6
What is the units digit of 586?
6
What is the hundred thousands digit of 166780?
1
What is the hundreds digit of 5821?
8
What is the tens digit of 3993?
9
What is the units digit of 1651?
1
What is the tens digit of 5066?
6
What is the tens digit of 29436?
3
What is the units digit of 7254?
4
What is the tens digit of 2469?
6
What is the thousands digit of 84367?
4
What is the units digit of 65162?
2
What is the hundreds digit of 3874?
8
What is the hundreds digit of 58067?
0
What is the hundreds digit of 59512?
5
What is the thousands digit of 1503?
1
What is the hundreds digit of 280?
2
What is the hundreds digit of 532?
5
What is the thousands digit of 2167?
2
What is the thousands digit of 6810?
6
What is the hundreds digit of 673?
6
What is the units digit of 334?
4
What is the units digit of 20986?
6
What is the tens digit of 46502?
0
What is the tens digit of 717?
1
What is the thousands digit of 15725?
5
What is the units digit of 5818?
8
What is the tens digit of 50140?
4
What is the hundreds digit of 275?
2
What is the hundreds digit of 25529?
5
What is the hundreds digit of 8382?
3
What is the thousands digit of 24289?
4
What is the tens digit of 276?
7
What is the hundreds digit of 2980?
9
What is the ten thousands digit of 34624?
3
What is the hundreds digit of 17093?
0
What is the tens digit of 15243?
4
What is the thousands digit of 9215?
9
What is the ten thousands digit of 24075?
2
What is the thousands digit of 4386?
4
What is the units digit of 357?
7
What is the units digit of 3912?
2
What is the thousands digit of 5050?
5
What is the thousands digit of 1970?
1
What is the units digit of 17671?
1
What is the hundreds digit of 1225?
2
What is the units digit of 45204?
4
What is the units digit of 971?
1
What is the thousands digit of 2187?
2
What is the tens digit of 467?
6
What is the hundreds digit of 48718?
7
What is the units digit of 5581?
1
What is the tens digit of 1567?
6
What is the hundreds digit of 75896?
8
What is the units digit of 2576?
6
What is the units digit of 7463?
3
What is the tens digit of 37968?
6
What is the tens digit of 225?
2
What is the units digit of 659?
9
What is the units digit of 2484?
4
What is the hundreds digit of 1250?
2
What is the units digit of 8291?
1
What is the tens digit of 4864?
6
What is the tens digit of 262?
6
What is the tens digit of 29790?
9
What is the tens digit of 10784?
8
What is the hundreds digit of 3020?
0
What is the tens digit of 187?
8
What is the thousands digit of 1572?
1
What is the units digit of 3243?
3
What is the thousands digit of 24003?
4
What is the units digit of 11100?
0
What is the units digit of 612?
2
What is the ten thousands digit of 101722?
0
What is the units digit of 1243?
3
What is the tens digit of 39725?
2
What is the units digit of 4187?
7
What is the tens digit of 42402?
0
What is the thousands digit of 9137?
9
What is the ten thousands digit of 58556?
5
What is the tens digit of 3676?
7
What is the units digit of 2617?
7
What is the tens digit of 6457?
5
What is the hundreds digit of 3570?
5
What is the thousands digit of 3037?
3
What is the thousands digit of 1559?
1
What is the hundreds digit of 2757?
7
What is the hundreds digit of 79585?
5
What is the hundreds digit of 1227?
2
What is the hundreds digit of 10514?
5
What is the hundreds digit of 17379?
3
What is the units digit of 234?
4
What is the tens digit of 5154?
5
What is the hundreds digit of 4624?
6
What is the units digit of 517?
7
What is the units digit of 8463?
3
What is the units digit of 2468?
8
What is the hundreds digit of 24427?
4
What is the tens digit of 40150?
5
What is the units digit of 135277?
7
What is the ten thousands digit of 121308?
2
What is the ten thousands digit of 31076?
3
What is the tens digit of 4876?
7
What is the hundreds digit of 43148?
1
What is the thousands digit of 1637?
1
What is the units digit of 816?
6
What is the thousands digit of 1105?
1
What is the units digit of 453?
3
What is the thousands digit of 5481?
5
What is the units digit of 41957?
7
What is the tens digit of 56912?
1
What is the thousands digit of 36829?
6
What is the hundreds digit of 5444?
4
What is the tens digit of 26823?
2
What is the hundreds digit of 3747?
7
What is the tens digit of 6116?
1
What is the tens digit of 81253?
5
What is the tens digit of 686?
8
What is the tens digit of 10116?
1
What is the thousands digit of 13299?
3
What is the hundreds digit of 5968?
9
What is the units digit of 4095?
5
What is the ten thousands digit of 37648?
3
What is the thousands digit of 3877?
3
What is the hundreds digit of 2597?
5
What is the thousands digit of 47852?
7
What is the units digit of 68730?
0
What is the hundreds digit of 8219?
2
What is the thousands digit of 21658?
1
What is the units digit of 699?
9
What is the units digit of 29573?
3
What is the tens digit of 22903?
0
What is the units digit of 480?
0
What is the units digit of 18186?
6
What is the units digit of 3884?
4
What is the tens digit of 213878?
7
What is the hundreds digit of 885?
8
What is the units digit of 63474?
4
What is the thousands digit of 7369?
7
What is the units digit of 366?
6
What is the tens digit of 1930?
3
What is the ten thousands digit of 14447?
1
What is the tens digit of 4945?
4
What is the units digit of 330?
0
What is the thousands digit of 1114?
1
What is the tens digit of 12285?
8
What is the tens digit of 930?
3
What is the tens digit of 181572?
7
What is the hundreds digit of 901?
9
What is the tens digit of 3402?
0
What is the ten thousands digit of 14447?
1
What is the hundreds digit of 64859?
8
What is the tens digit of 773?
7
What is the hundreds digit of 20814?
8
What is the hundreds digit of 433?
4
What is the units digit of 109645?
5
What is the ten thousands digit of 55596?
5
What is the tens digit of 91924?
2
What is the units digit of 11447?
7
What is the thousands digit of 131824?
1
What is the hundreds digit of 1022?
0
What is the hundreds digit of 493?
4
What is the thousands digit of 1806?
1
What is the hundreds digit of 1039?
0
What is